11. Determine m(-3).
-5
Let h(a) = -a**3 - 4*a**2 + 3*a - 3. Calculate h(-5).
7
Let j(r) = 32*r + 73. What is j(-3)?
-23
Let r(n) = n**3 - 7*n**2 - 16*n + 105. Give r(7).
-7
Let f(k) = -12*k + 38. What is f(7)?
-46
Let i(d) = -15*d + 51. What is i(3)?
6
Let l(t) = 3*t + 10. Give l(-1).
7
Let n(f) = f**3 + 5*f**2 + 5. Give n(-6).
-31
Let b(r) = -r**2 - 17*r + 18. Give b(-8).
90
Let k(s) = s**2 - 12*s + 10. Calculate k(6).
-26
Let u(j) = j + 19. Calculate u(-8).
11
Let y(a) = 10*a**2 + 2*a + 5. What is y(-2)?
41
Let m(d) = -2*d**2 - 53*d - 13. Determine m(-26).
13
Let c(x) = x**2 + 10*x - 33. What is c(-14)?
23
Let y(w) = -w**3 + 4*w**2 + 4*w + 6. Calculate y(5).
1
Let l(n) = -7*n**2 - 5*n + 1. Calculate l(-2).
-17
Let h(p) = 9*p**2 - 3*p - 2. Give h(-2).
40
Let f(w) = 5*w**2 - 85*w + 4. Calculate f(17).
4
Let f(q) = q**2 + 19*q - 28. Determine f(-19).
-28
Let q(l) = l**2 - 15*l + 20. Calculate q(11).
-24
Let d(j) = j**2 - 10*j - 9. Give d(15).
66
Let n(w) = -w**3 + 7*w**2 - 3*w - 4. Calculate n(5).
31
Let m(c) = 5*c**2 - 2*c + 1. Calculate m(1).
4
Let u(y) = -y**2 + 8*y + 16. Give u(10).
-4
Let r(j) = -3*j**3 + 26*j**2 + 41*j - 23. Give r(10).
-13
Let f(t) = -13*t - 1. Calculate f(-2).
25
Let o(d) = -4*d + 18. Determine o(6).
-6
Let a(q) = q**3 + 10*q**2 - 12*q - 1. Give a(-11).
10
Let o(u) = u - 23. What is o(-7)?
-30
Let i(w) = -w**3 + 12*w**2 + 10*w - 306. Calculate i(10).
-6
Let z(i) = 5*i**2 - 30*i + 18. Calculate z(5).
-7
Let c(d) = -d**2 - 5*d + 3. Calculate c(-4).
7
Let b(h) = h**3 + 25*h**2 + 25*h + 30. Calculate b(-24).
6
Let a(p) = 2*p**3 - 3*p**2 + 7*p - 1. What is a(2)?
17
Let c(m) = -m**2 - 8*m + 5. Give c(-5).
20
Let w(q) = -q**2 + 5*q + 53. Calculate w(-4).
17
Let a(i) = 8*i + 6. What is a(-4)?
-26
Let d(a) = -a**3 + 22*a**2 - 16*a - 7. What is d(21)?
98
Let o(j) = j**3 - 12*j**2 - 8*j + 53. Give o(12).
-43
Let s(z) = -z**2 + 10*z - 26. Calculate s(6).
-2
Let c(u) = -u**3 + 4*u**2 + 5*u - 4. What is c(5)?
-4
Let l(q) = -q**2 + 13*q + 3. Calculate l(13).
3
Let i(d) = d + 7. Calculate i(-3).
4
Let b(d) = -d**3 - 9*d**2 - 20*d + 1. Give b(-3).
7
Let j(l) = l**3 - 10*l**2 + 10*l + 4. Calculate j(9).
13
Let x(o) = 7*o**3 - o**2 + 9*o - 8. What is x(1)?
7
Let j(u) = 18*u - 11. Calculate j(1).
7
Let q(w) = w - 92. Determine q(-10).
-102
Let o(b) = -58*b - 404. Give o(-7).
2
Let y(o) = o**3 - 4*o**2 + 3*o + 4. Give y(3).
4
Let c(o) = -36*o - 94. Calculate c(-3).
14
Let o(y) = y**3 - 4*y**2 + y + 2. Determine o(3).
-4
Let f(u) = 3*u - 9. Give f(-2).
-15
Let f(s) = -10*s + 9. Determine f(3).
-21
Let z(g) = g**2 - 3*g - 74. Determine z(-7).
-4
Let j(r) = -3*r - 6. Determine j(-4).
6
Let v(l) = -l**2 - l + 49. Give v(-8).
-7
Let g(r) = 8*r - 118. Give g(16).
10
Let w(c) = -c**2 - 4*c + 7. Determine w(0).
7
Let k(p) = p**3 - 16*p**2 + 17*p - 21. Determine k(14).
-175
Let u(b) = b - 6. Give u(4).
-2
Let s(a) = a**2 - 13*a + 9. Calculate s(12).
-3
Let f(y) = y**3 - 11*y**2 + 16*y - 43. What is f(10)?
17
Let z(i) = i**3 + 7*i**2 - 14*i - 8. Calculate z(-9).
-44
Let w(j) = -15*j + 22. Determine w(-3).
67
Let s(r) = 2*r**2 + 7*r + 10. Calculate s(-4).
14
Let t(r) = r + 16. What is t(14)?
30
Let o(u) = -u**3 - 6*u**2 - 12*u - 1. Give o(-4).
15
Let v(h) = -6*h - 6. Determine v(-5).
24
Let v(r) = r**3 + 4*r**2 + 4*r + 1. Calculate v(-5).
-44
Let x(z) = -z**3 - 9*z**2 + 22*z - 1. Determine x(-11).
-1
Let x(z) = 8*z + 131. Determine x(-16).
3
Let h(s) = -s**2 + 9*s - 40. Determine h(16).
-152
Let v(c) = -3*c**3 - 4*c - 3. Determine v(0).
-3
Let r(o) = -2*o**2 + 6*o - 5. Determine r(4).
-13
Let d(k) = 14*k - 74. What is d(6)?
10
Let w(h) = h**2 + 3*h - 64. What is w(0)?
-64
Let a(c) = c**3 + 5*c**2 + c - 26. Calculate a(-5).
-31
Let f(d) = 7*d - 22. Give f(5).
13
Let a(i) = -10*i + 3. Calculate a(3).
-27
Let p(w) = w**2 - 9*w - 2. Calculate p(8).
-10
Let d(k) = -2*k**2 + 3. Calculate d(2).
-5
Let n(u) = 12*u**2 - 228*u - 2. Calculate n(19).
-2
Let h(j) = -j**3 + 20*j**2 - 57*j + 8. Determine h(3).
-10
Let z(i) = 36*i + 3. Calculate z(-1).
-33
Let u(c) = 2*c - 5. Calculate u(-4).
-13
Let s(w) = -w**3 + 9*w**2 - 13*w + 4. Calculate s(7).
11
Let u(h) = 2*h**3 - 19*h**2 + 6*h + 28. Calculate u(9).
1
Let v(z) = 4*z + 30. Give v(-7).
2
Let v(p) = p**2 - 23*p + 26. Give v(22).
4
Let k(o) = -6*o + 7. What is k(-3)?
25
Let v(r) = r**3 + 21*r**2 - 48*r - 41. Calculate v(-23).
5
Let x(c) = 7*c**2 - 17*c + 1. What is x(2)?
-5
Let c(k) = 4*k**2 + k - 1. What is c(1)?
4
Let a(v) = -v - 16. Give a(-2).
-14
Let u(o) = -2*o**2 + 14*o - 32. Calculate u(3).
-8
Let i(r) = r - 6. Calculate i(23).
17
Let b(l) = l**3 - 4*l**2 - 4*l + 7. Calculate b(5).
12
Let o(x) = 2*x**3 - 15*x**2 - 10*x + 12. What is o(8)?
-4
Let m(d) = -37*d - 16. Determine m(0).
-16
Let n(p) = -p**3 + 8*p**2 - 7*p + 6. What is n(6)?
36
Let b(d) = d**3 - 4*d**2 - 9*d + 5. Give b(6).
23
Let l(c) = -c**3 + 12*c**2 - c - 3. Determine l(12).
-15
Let k(u) = -38*u - 12. What is k(1)?
-50
Let m(x) = 6*x**2 - 6*x - 5. Determine m(-5).
175
Let v(p) = -p**3 + 7*p**2 + 8*p - 14. Give v(8).
-14
Let s(v) = 22*v + 23. Calculate s(-3).
-43
Let p(t) = 3*t + 2. What is p(-5)?
-13
Let i(x) = 2*x**2 + 11*x + 3. Calculate i(-8).
43
Let p(j) = j - 37. What is p(0)?
-37
Let i(o) = -o**2 + 11*o - 23. What is i(8)?
1
Let p(c) = -c**2 + 6*c + 1. Calculate p(4).
9
Let m(n) = -5*n + 10. Calculate m(5).
-15
Let v(s) = -3*s + 76. Calculate v(27).
-5
Let z(p) = p**2 + 37*p + 253. Give z(-9).
1
Let b(j) = 18*j + 300. Give b(-18).
-24
Let q(o) = -60*o - 373. Calculate q(-6).
-13
Let r(v) = v**2 + 21*v + 11. Calculate r(-18).
-43
Let b(g) = g**2 + 13*g - 36. Calculate b(-16).
12
Let u(a) = -a**2 + 17*a - 20. Determine u(16).
-4
Let f(g) = -4*g + 29. Determine f(3).
17
Let x(c) = 116*c**3 - c**2 + 2*c + 2. Determine x(-1).
-117
Let b(k) = 5*k - 11. Determine b(-10).
-61
Let h(l) = l**2 + l. Calculate h(-2).
2
Let y(c) = -c**3 + 5*c**2 + 5*c + 5. Calculate y(6).
-1
Let w(t) = -t**3 - 6*t**2 + 8*t - 4. What is w(-7)?
-11
Let p(t) = t**2 + 2*t + 4. What is p(5)?
39
Let a(q) = 2*q**2 + 5*q + 6. Calculate a(-3).
9
Let h(r) = -r**3 + 13*r**2 + 15*r - 8. Determine h(14).
6
Let v(p) = p**3 + 10*p**2 + 7*p - 8. Calculate v(-9).
10
Let h(n) = n**3 - 7*n**2 - 8*n + 6. What is h(7)?
-50
Let j(c) = c**3 + 5*c**2 - 3*c + 16. Give j(-6).
-2
Let k(i) = -i**2 + 11*i - 10. Calculate k(8).
14
Let a(h) = h**3 - 8*h**2 - 4*h + 9. Give a(7).
-68
Let g(k) = 23*k + 27. What is g(-7)?
-134
Let n(f) = -10*f + 220. Give n(15).
70
Let f(o) = -o**2 - 3*o - 2. Calculate f(6).
-56
Let a(k) = -132*k + 277. Determine a(2).
13
Let n(k) = 7*k - 17. Calculate n(5).
18
Let u(d) = -d**3 - 12*d**2 - 5*d - 15. Calculate u(-12).
45
Let i(m) = -6*m**2 + 103*m - 12. Determine i(17).
5
Let y(n) = 5*n - 3. Calculate y(8).
37
Let k(t) = t**2 + 8*t + 14. Give k(-6).
2
Let n(d) = d**2 + d - 3. What is n(-4)?
9
Let u(w) = 5*w + 26. What is u(-8)?
-14
Let m(x) = -2*x**3 + x**2 + 5*x + 1. Calculate m(3).
-29
Let m(j) = j**2 + 3*j - 10. Calculate m(3).
8
Let b(d) = -d + 39. Give b(36).
3
Let y(f) = f**3 + 11*f**2 + 8*f - 27. Determine y(-11).
-115
Let u(z) = 9*z + 20. Give u(6).
74
Let y(w) = -w**3 - 5*w**2 + 9*w - 22. What is y(-7)?
13
Let a(f) = f**2 - 6*f + 1. Calculate a(5).
-4
Let n(c) = c**2 + 20*c + 24. Give n(-18).
-12
Let o(l) = -l**3 + 7*l**2 + 5. Give o(5).
55
Let c(y) = -y**3 + 11. Determine c(0).
11
Let g(t) = -t**2 + 2*t. What is g(1)?
1
Let j(y) = -72*y - 501. Determine j(-7).
3
Let m(f) = f**2 + 4*f - 3. Give m(-6).
9
Let p(r) = 5*r + 30. Determine p(-5).
5
Let n(o) = -o + 12. What is n(8)?
4
Let r(m) = 4*m + 22. Determine r(-5).
2
Let x(w) = -6*w - 57. Calculate x(-14).
27
Let p(w) = w**3 + 12*w**2 + 29*w + 15. Calculate p(-9).
-3
Let b(w) = w**2 - 13*w - 36. Calculate b(-3).
12
Let g(l) = l**2 - l - 5. Calculate g(0).
-5
Let q(x) = 8*x - 14. Give q(6).
34
Let c(k) = 6*k**2 + 8*k + 13. What is c(-6)?
181
Let a(g) = 4*g**2 - 26*g + 10. Determine a(6).
-2
Let g(v) = 4*v - 44. Calculate g(14).
12
Let u(z) = z**2 + 13*z. Determine u(-12).
-12
Let m(p) = -54*p. Calculate m(0).
0
Let q(y) = y**2 - 9*y - 42. Give q(13).
10
Let q(j) = j**3 + 11*j**2 - 11*j + 13. Give q(-12).
1
Let u(n) = 2*n**3 + 23*n**2 - 10*n - 20. Calculate u(-12).
-44
Let q(l) = 2*l**2 + 6*l + 1. Calcula